{"id":65,"date":"2021-11-19T06:31:13","date_gmt":"2021-11-19T09:31:13","guid":{"rendered":"http:\/\/ppgsc.uea.edu.br\/?page_id=65"},"modified":"2021-12-14T10:24:34","modified_gmt":"2021-12-14T13:24:34","slug":"estrutura-curricular","status":"publish","type":"page","link":"https:\/\/ppgsc.uea.edu.br\/index.php\/estrutura-curricular\/","title":{"rendered":"Estrutura Curricular"},"content":{"rendered":"<p>[et_pb_section fb_built=&#8221;1&#8243; _builder_version=&#8221;4.11.4&#8243; custom_padding=&#8221;0px||0px|||&#8221; da_disable_devices=&#8221;off|off|off&#8221; da_is_popup=&#8221;off&#8221; da_exit_intent=&#8221;off&#8221; da_has_close=&#8221;on&#8221; da_alt_close=&#8221;off&#8221; da_dark_close=&#8221;off&#8221; da_not_modal=&#8221;on&#8221; da_is_singular=&#8221;off&#8221; da_with_loader=&#8221;off&#8221; da_has_shadow=&#8221;on&#8221;][et_pb_row _builder_version=&#8221;4.11.4&#8243; width=&#8221;100%&#8221; max_width=&#8221;100%&#8221; custom_padding=&#8221;0px||3px|||&#8221;][et_pb_column type=&#8221;4_4&#8243; _builder_version=&#8221;4.11.4&#8243;][et_pb_slider _builder_version=&#8221;4.4.8&#8243; custom_padding=&#8221;6%||||false|false&#8221;][et_pb_slide heading=&#8221;@ET-DC@eyJkeW5hbWljIjp0cnVlLCJjb250ZW50IjoicG9zdF90aXRsZSIsInNldHRpbmdzIjp7ImJlZm9yZSI6IiIsImFmdGVyIjoiIn19@&#8221; _builder_version=&#8221;4.4.8&#8243; _dynamic_attributes=&#8221;heading&#8221; header_font=&#8221;|700|||||||&#8221; header_font_size=&#8221;45px&#8221; background_color=&#8221;#d58c3d&#8221; background_enable_color=&#8221;on&#8221; background_image=&#8221;http:\/\/ppgsc.uea.edu.br\/wp-content\/uploads\/2021\/11\/Fundo-titulos@2x.png&#8221; background_enable_image=&#8221;on&#8221; background_position=&#8221;bottom_center&#8221; header_font_size_tablet=&#8221;40px&#8221; header_font_size_phone=&#8221;&#8221; header_font_size_last_edited=&#8221;on|desktop&#8221;][\/et_pb_slide][\/et_pb_slider][\/et_pb_column][\/et_pb_row][\/et_pb_section][et_pb_section fb_built=&#8221;1&#8243; admin_label=&#8221;Service Section&#8221; _builder_version=&#8221;3.22&#8243; custom_margin=&#8221;|||&#8221; custom_padding=&#8221;35px||110px|||&#8221; da_disable_devices=&#8221;off|off|off&#8221; da_is_popup=&#8221;off&#8221; da_exit_intent=&#8221;off&#8221; da_has_close=&#8221;on&#8221; da_alt_close=&#8221;off&#8221; da_dark_close=&#8221;off&#8221; da_not_modal=&#8221;on&#8221; da_is_singular=&#8221;off&#8221; da_with_loader=&#8221;off&#8221; da_has_shadow=&#8221;on&#8221;][et_pb_row admin_label=&#8221;Service Section Title&#8221; _builder_version=&#8221;3.25&#8243; custom_margin=&#8221;|auto|-2px|auto||&#8221; custom_padding=&#8221;||5px|||&#8221; animation_style=&#8221;fade&#8221; animation_direction=&#8221;top&#8221; saved_tabs=&#8221;all&#8221;][et_pb_column type=&#8221;4_4&#8243; _builder_version=&#8221;3.25&#8243; custom_padding=&#8221;|||&#8221; custom_padding__hover=&#8221;|||&#8221;][et_pb_text admin_label=&#8221;Title&#8221; _builder_version=&#8221;4.4.8&#8243; text_font=&#8221;Noto Sans||||||||&#8221; text_font_size=&#8221;16px&#8221; header_font=&#8221;||||||||&#8221; header_2_font=&#8221;Noto Sans|700||on|||||&#8221; header_2_font_size=&#8221;30px&#8221; header_2_line_height=&#8221;1.3em&#8221; text_orientation=&#8221;justified&#8221; module_alignment=&#8221;center&#8221; custom_margin=&#8221;||12px|||&#8221; animation_style=&#8221;slide&#8221; animation_direction=&#8221;bottom&#8221; animation_intensity_slide=&#8221;4%&#8221;]A obten\u00e7\u00e3o do t\u00edtulo de mestre \u00e9 condicionada \u00e0 obten\u00e7\u00e3o de cr\u00e9ditos em disciplinas, em atividades acad\u00eamicas nos termos deste regimento e aprova\u00e7\u00e3o de uma disserta\u00e7\u00e3o sobre tema em Sa\u00fade Coletiva, realizada sob orienta\u00e7\u00e3o de um professor doutor credenciado pelo Curso.<\/p>\n<p>O discente de mestrado dever\u00e1 completar no m\u00ednimo 18 (dezoito) unidades de cr\u00e9ditos em disciplinas, que correspondem a 270 (duzentos e setenta) horas-aula, al\u00e9m dos cr\u00e9ditos referentes \u00e0 orienta\u00e7\u00e3o e elabora\u00e7\u00e3o da disserta\u00e7\u00e3o, \u00e0s atividades complementares e est\u00e1gio em doc\u00eancia e ao exame de qualifica\u00e7\u00e3o e defesa da Disserta\u00e7\u00e3o, assim distribu\u00eddos:<\/p>\n<p>a) disciplinas obrigat\u00f3rias: 9 (nove) cr\u00e9ditos;<br \/>\nb) disciplinas n\u00e3o obrigat\u00f3rias: 9 (nove) cr\u00e9ditos;<br \/>\nc) orienta\u00e7\u00e3o e elabora\u00e7\u00e3o da disserta\u00e7\u00e3o: 12 (doze) cr\u00e9ditos;<br \/>\nd) atividades complementares: 4 (quatro) cr\u00e9ditos;<br \/>\ne) est\u00e1gio de doc\u00eancia: 4 (quatro) cr\u00e9ditos;<br \/>\nf) exame de qualifica\u00e7\u00e3o: 5 (cinco) cr\u00e9ditos;<br \/>\ng) defesa da Disserta\u00e7\u00e3o: 10 (dez) cr\u00e9ditos.<\/p>\n<p>Os 12 (doze) cr\u00e9ditos referentes \u00e0 orienta\u00e7\u00e3o e elabora\u00e7\u00e3o da disserta\u00e7\u00e3o ser\u00e3o distribu\u00eddos ao longo dos semestres dos cursos (3 cr\u00e9ditos por semestre), vinculados \u00e0 disciplina de Semin\u00e1rios de Orienta\u00e7\u00e3o, sob responsabilidade de cada orientador. Aos discentes ser\u00e1 solicitado relat\u00f3rio padronizado ao final de cada semestre para integraliza\u00e7\u00e3o dos cr\u00e9ditos.<\/p>\n<p>O quadro abaixo relaciona as disciplinas ofertadas pelo programa.[\/et_pb_text][et_pb_text admin_label=&#8221;Title&#8221; _builder_version=&#8221;4.4.8&#8243; text_font=&#8221;Noto Sans||||||||&#8221; text_font_size=&#8221;16px&#8221; header_font=&#8221;||||||||&#8221; header_2_font=&#8221;Noto Sans|700||on|||||&#8221; header_2_font_size=&#8221;30px&#8221; header_2_line_height=&#8221;1.3em&#8221; text_orientation=&#8221;justified&#8221; module_alignment=&#8221;center&#8221; custom_margin=&#8221;||12px|||&#8221; animation_style=&#8221;slide&#8221; animation_direction=&#8221;bottom&#8221; animation_intensity_slide=&#8221;4%&#8221;]<\/p>\n<p><span data-ccp-props=\"{&quot;201341983&quot;:0,&quot;335559739&quot;:160,&quot;335559740&quot;:259}\">\u00a0<\/span><\/p>\n<table data-tablestyle=\"MsoTableGrid\" data-tablelook=\"1696\" aria-rowcount=\"7\" style=\"border-color: #233126; background-color: #e2e2e2; width: 779.141px;\" border=\"2\">\n<tbody>\n<tr aria-rowindex=\"1\">\n<td data-celllook=\"69905\" style=\"width: 596px;\"><b><span data-contrast=\"none\">DISCIPLINAS DO CURSO<\/span><\/b><span data-ccp-props=\"{&quot;201341983&quot;:0,&quot;335551550&quot;:1,&quot;335551620&quot;:1,&quot;335559740&quot;:259}\">\u00a0<\/span><\/td>\n<td data-celllook=\"69905\" style=\"width: 54px;\"><b><span data-contrast=\"none\">U.C.<\/span><\/b><span data-ccp-props=\"{&quot;201341983&quot;:0,&quot;335551550&quot;:2,&quot;335551620&quot;:2,&quot;335559740&quot;:259}\">\u00a0<\/span><\/td>\n<td data-celllook=\"69905\" style=\"width: 89.1406px;\"><b><span data-contrast=\"none\">C. H.<\/span><\/b><span data-ccp-props=\"{&quot;201341983&quot;:0,&quot;335551550&quot;:3,&quot;335551620&quot;:3,&quot;335559740&quot;:259}\">\u00a0<\/span><\/td>\n<\/tr>\n<tr aria-rowindex=\"2\">\n<td colspan=\"3\" data-celllook=\"69905\" style=\"width: 739.141px;\"><b><span data-contrast=\"none\">DISCIPLINAS OBRIGAT\u00d3RIAS<\/span><\/b><span data-ccp-props=\"{&quot;201341983&quot;:0,&quot;335551550&quot;:1,&quot;335551620&quot;:1,&quot;335559740&quot;:259}\">\u00a0<\/span><\/td>\n<\/tr>\n<tr aria-rowindex=\"3\">\n<td data-celllook=\"69905\" style=\"width: 596px;\"><span data-contrast=\"none\">Metodologia\u00a0da\u00a0Pesquisa<\/span><span data-ccp-props=\"{&quot;201341983&quot;:0,&quot;335551550&quot;:1,&quot;335551620&quot;:1,&quot;335559740&quot;:259}\">\u00a0<\/span><\/td>\n<td data-celllook=\"4369\" style=\"width: 54px;\"><span data-contrast=\"none\">03<\/span><span data-ccp-props=\"{&quot;201341983&quot;:0,&quot;335551550&quot;:2,&quot;335551620&quot;:2,&quot;335559740&quot;:259}\">\u00a0<\/span><\/td>\n<td data-celllook=\"4369\" style=\"width: 89.1406px;\"><span data-contrast=\"none\">45<\/span><span data-ccp-props=\"{&quot;201341983&quot;:0,&quot;335551550&quot;:2,&quot;335551620&quot;:2,&quot;335559740&quot;:259}\">\u00a0<\/span><\/td>\n<\/tr>\n<tr aria-rowindex=\"4\">\n<td data-celllook=\"4369\" style=\"width: 596px;\"><span data-contrast=\"none\">Epidemiologia\u00a01 (Linha 1)<\/span><span data-ccp-props=\"{&quot;201341983&quot;:0,&quot;335551550&quot;:1,&quot;335551620&quot;:1,&quot;335559740&quot;:259}\">\u00a0<\/span><\/td>\n<td data-celllook=\"4369\" style=\"width: 54px;\"><span data-contrast=\"none\">03<\/span><span data-ccp-props=\"{&quot;201341983&quot;:0,&quot;335551550&quot;:2,&quot;335551620&quot;:2,&quot;335559740&quot;:259}\">\u00a0<\/span><\/td>\n<td data-celllook=\"4369\" style=\"width: 89.1406px;\"><span data-contrast=\"none\">45<\/span><span data-ccp-props=\"{&quot;201341983&quot;:0,&quot;335551550&quot;:2,&quot;335551620&quot;:2,&quot;335559740&quot;:259}\">\u00a0<\/span><\/td>\n<\/tr>\n<tr aria-rowindex=\"5\">\n<td data-celllook=\"4369\" style=\"width: 596px;\"><span data-contrast=\"none\">Pol\u00edticas,\u00a0Planejamento\u00a0e\u00a0Avalia\u00e7\u00e3o\u00a0em\u00a0Sa\u00fade\u00a0(Linha 2)<\/span><span data-ccp-props=\"{&quot;201341983&quot;:0,&quot;335551550&quot;:1,&quot;335551620&quot;:1,&quot;335559740&quot;:259}\">\u00a0<\/span><\/td>\n<td data-celllook=\"4369\" style=\"width: 54px;\"><span data-contrast=\"none\">03<\/span><span data-ccp-props=\"{&quot;201341983&quot;:0,&quot;335551550&quot;:2,&quot;335551620&quot;:2,&quot;335559740&quot;:259}\">\u00a0<\/span><\/td>\n<td data-celllook=\"4369\" style=\"width: 89.1406px;\"><span data-contrast=\"none\">45<\/span><span data-ccp-props=\"{&quot;201341983&quot;:0,&quot;335551550&quot;:2,&quot;335551620&quot;:2,&quot;335559740&quot;:259}\">\u00a0<\/span><\/td>\n<\/tr>\n<tr aria-rowindex=\"6\">\n<td data-celllook=\"4369\" style=\"width: 596px;\"><span data-contrast=\"none\">Sa\u00fade,\u00a0Cultura\u00a0e\u00a0Sociedade\u00a0(Linha 3)<\/span><span data-ccp-props=\"{&quot;201341983&quot;:0,&quot;335551550&quot;:1,&quot;335551620&quot;:1,&quot;335559740&quot;:259}\">\u00a0<\/span><\/td>\n<td data-celllook=\"4369\" style=\"width: 54px;\"><span data-contrast=\"none\">03<\/span><span data-ccp-props=\"{&quot;201341983&quot;:0,&quot;335551550&quot;:2,&quot;335551620&quot;:2,&quot;335559740&quot;:259}\">\u00a0<\/span><\/td>\n<td data-celllook=\"4369\" style=\"width: 89.1406px;\"><span data-contrast=\"none\">45<\/span><span data-ccp-props=\"{&quot;201341983&quot;:0,&quot;335551550&quot;:2,&quot;335551620&quot;:2,&quot;335559740&quot;:259}\">\u00a0<\/span><\/td>\n<\/tr>\n<tr aria-rowindex=\"7\">\n<td data-celllook=\"4369\" style=\"width: 596px;\"><span data-contrast=\"none\">Semin\u00e1rios\u00a0de\u00a0Pesquisa\u00a0I<\/span><span data-ccp-props=\"{&quot;201341983&quot;:0,&quot;335551550&quot;:1,&quot;335551620&quot;:1,&quot;335559740&quot;:259}\">\u00a0<\/span><\/td>\n<td data-celllook=\"4369\" style=\"width: 54px;\"><span data-contrast=\"none\">03<\/span><span data-ccp-props=\"{&quot;201341983&quot;:0,&quot;335551550&quot;:2,&quot;335551620&quot;:2,&quot;335559740&quot;:259}\">\u00a0<\/span><\/td>\n<td data-celllook=\"4369\" style=\"width: 89.1406px;\"><span data-contrast=\"none\">45<\/span><span data-ccp-props=\"{&quot;201341983&quot;:0,&quot;335551550&quot;:2,&quot;335551620&quot;:2,&quot;335559740&quot;:259}\">\u00a0<\/span><\/td>\n<\/tr>\n<\/tbody>\n<\/table>\n<p>[\/et_pb_text][et_pb_text admin_label=&#8221;Title&#8221; _builder_version=&#8221;4.4.8&#8243; text_font=&#8221;Noto Sans||||||||&#8221; text_font_size=&#8221;16px&#8221; header_font=&#8221;||||||||&#8221; header_2_font=&#8221;Noto Sans|700||on|||||&#8221; header_2_font_size=&#8221;30px&#8221; header_2_line_height=&#8221;1.3em&#8221; text_orientation=&#8221;justified&#8221; module_alignment=&#8221;center&#8221; custom_margin=&#8221;||12px|||&#8221; animation_style=&#8221;slide&#8221; animation_direction=&#8221;bottom&#8221; animation_intensity_slide=&#8221;4%&#8221;]<\/p>\n<table style=\"font-weight: 400; background-color: #e2e2e2; border-color: #233126; width: 781px;\" data-tablestyle=\"MsoTableGrid\" data-tablelook=\"1696\" aria-rowcount=\"10\" border=\"2\" height=\"356\">\n<tbody>\n<tr aria-rowindex=\"1\">\n<td colspan=\"3\" data-celllook=\"69905\" style=\"width: 774px;\"><b><span data-contrast=\"auto\">DISCIPLINAS OPTATIVAS<\/span><\/b><span data-ccp-props=\"{&quot;201341983&quot;:0,&quot;335551550&quot;:1,&quot;335551620&quot;:1,&quot;335559740&quot;:259}\">\u00a0<\/span><\/td>\n<\/tr>\n<tr aria-rowindex=\"2\">\n<td data-celllook=\"4369\" style=\"width: 557px;\"><span data-contrast=\"auto\">Semin\u00e1rios\u00a0de\u00a0Pesquisa\u00a0ll<\/span><span data-ccp-props=\"{&quot;201341983&quot;:0,&quot;335551550&quot;:1,&quot;335551620&quot;:1,&quot;335559740&quot;:259}\">\u00a0<\/span><\/td>\n<td data-celllook=\"4369\" style=\"width: 100.375px;\"><span data-contrast=\"auto\">03<\/span><span data-ccp-props=\"{&quot;201341983&quot;:0,&quot;335551550&quot;:2,&quot;335551620&quot;:2,&quot;335559740&quot;:259}\">\u00a0<\/span><\/td>\n<td data-celllook=\"4369\" style=\"width: 116.625px;\"><span data-contrast=\"auto\">45<\/span><span data-ccp-props=\"{&quot;201341983&quot;:0,&quot;335551550&quot;:2,&quot;335551620&quot;:2,&quot;335559740&quot;:259}\">\u00a0<\/span><\/td>\n<\/tr>\n<tr aria-rowindex=\"3\">\n<td data-celllook=\"4369\" style=\"width: 557px;\"><span data-contrast=\"auto\">Bioestat\u00edstica<\/span><span data-ccp-props=\"{&quot;201341983&quot;:0,&quot;335551550&quot;:1,&quot;335551620&quot;:1,&quot;335559740&quot;:259}\">\u00a0<\/span><\/td>\n<td data-celllook=\"4369\" style=\"width: 100.375px;\"><span data-contrast=\"auto\">03<\/span><span data-ccp-props=\"{&quot;201341983&quot;:0,&quot;335551550&quot;:2,&quot;335551620&quot;:2,&quot;335559740&quot;:259}\">\u00a0<\/span><\/td>\n<td data-celllook=\"4369\" style=\"width: 116.625px;\"><span data-contrast=\"auto\">45<\/span><span data-ccp-props=\"{&quot;201341983&quot;:0,&quot;335551550&quot;:2,&quot;335551620&quot;:2,&quot;335559740&quot;:259}\">\u00a0<\/span><\/td>\n<\/tr>\n<tr aria-rowindex=\"4\">\n<td data-celllook=\"4369\" style=\"width: 557px;\"><span data-contrast=\"auto\">M\u00e9todos\u00a0quantitativos\u00a0de\u00a0pesquisa\u00a0em\u00a0Sa\u00fade<\/span><span data-ccp-props=\"{&quot;201341983&quot;:0,&quot;335551550&quot;:1,&quot;335551620&quot;:1,&quot;335559740&quot;:259}\">\u00a0<\/span><\/td>\n<td data-celllook=\"4369\" style=\"width: 100.375px;\"><span data-contrast=\"auto\">03<\/span><span data-ccp-props=\"{&quot;201341983&quot;:0,&quot;335551550&quot;:2,&quot;335551620&quot;:2,&quot;335559740&quot;:259}\">\u00a0<\/span><\/td>\n<td data-celllook=\"4369\" style=\"width: 116.625px;\"><span data-contrast=\"auto\">45<\/span><span data-ccp-props=\"{&quot;201341983&quot;:0,&quot;335551550&quot;:2,&quot;335551620&quot;:2,&quot;335559740&quot;:259}\">\u00a0<\/span><\/td>\n<\/tr>\n<tr aria-rowindex=\"5\">\n<td data-celllook=\"4369\" style=\"width: 557px;\"><span data-contrast=\"auto\">Gest\u00e3o,\u00a0Trabalho\u00a0e\u00a0Educa\u00e7\u00e3o\u00a0na\u00a0Sa\u00fade<\/span><span data-ccp-props=\"{&quot;201341983&quot;:0,&quot;335551550&quot;:1,&quot;335551620&quot;:1,&quot;335559740&quot;:259}\">\u00a0<\/span><\/td>\n<td data-celllook=\"4369\" style=\"width: 100.375px;\"><span data-contrast=\"auto\">03<\/span><span data-ccp-props=\"{&quot;201341983&quot;:0,&quot;335551550&quot;:2,&quot;335551620&quot;:2,&quot;335559740&quot;:259}\">\u00a0<\/span><\/td>\n<td data-celllook=\"4369\" style=\"width: 116.625px;\"><span data-contrast=\"auto\">45<\/span><span data-ccp-props=\"{&quot;201341983&quot;:0,&quot;335551550&quot;:2,&quot;335551620&quot;:2,&quot;335559740&quot;:259}\">\u00a0<\/span><\/td>\n<\/tr>\n<tr aria-rowindex=\"6\">\n<td data-celllook=\"4369\" style=\"width: 557px;\"><span data-contrast=\"auto\">Contextualiza\u00e7\u00e3o\u00a0das\u00a0Pol\u00edticas\u00a0P\u00fablicas\u00a0na\u00a0Sa\u00fade<\/span><span data-ccp-props=\"{&quot;201341983&quot;:0,&quot;335551550&quot;:1,&quot;335551620&quot;:1,&quot;335559740&quot;:259}\">\u00a0<\/span><\/td>\n<td data-celllook=\"4369\" style=\"width: 100.375px;\"><span data-contrast=\"auto\">03<\/span><span data-ccp-props=\"{&quot;201341983&quot;:0,&quot;335551550&quot;:2,&quot;335551620&quot;:2,&quot;335559740&quot;:259}\">\u00a0<\/span><\/td>\n<td data-celllook=\"4369\" style=\"width: 116.625px;\"><span data-contrast=\"auto\">45<\/span><span data-ccp-props=\"{&quot;201341983&quot;:0,&quot;335551550&quot;:2,&quot;335551620&quot;:2,&quot;335559740&quot;:259}\">\u00a0<\/span><\/td>\n<\/tr>\n<tr aria-rowindex=\"7\">\n<td data-celllook=\"4369\" style=\"width: 557px;\"><span data-contrast=\"auto\">An\u00e1lise\u00a0das\u00a0Pol\u00edticas\u00a0P\u00fablicas\u00a0na\u00a0Regi\u00e3o\u00a0Amaz\u00f4nica\u00a0\u00e0 luz do\u00a0Direito<\/span><span data-ccp-props=\"{&quot;201341983&quot;:0,&quot;335551550&quot;:1,&quot;335551620&quot;:1,&quot;335559740&quot;:259}\">\u00a0<\/span><\/td>\n<td data-celllook=\"4369\" style=\"width: 100.375px;\"><span data-contrast=\"auto\">03<\/span><span data-ccp-props=\"{&quot;201341983&quot;:0,&quot;335551550&quot;:2,&quot;335551620&quot;:2,&quot;335559740&quot;:259}\">\u00a0<\/span><\/td>\n<td data-celllook=\"4369\" style=\"width: 116.625px;\"><span data-contrast=\"auto\">45<\/span><span data-ccp-props=\"{&quot;201341983&quot;:0,&quot;335551550&quot;:2,&quot;335551620&quot;:2,&quot;335559740&quot;:259}\">\u00a0<\/span><\/td>\n<\/tr>\n<tr aria-rowindex=\"8\">\n<td data-celllook=\"4369\" style=\"width: 557px;\"><span data-contrast=\"auto\">M\u00e9todos\u00a0qualitativos\u00a0de\u00a0pesquisa\u00a0em\u00a0Sa\u00fade<\/span><span data-ccp-props=\"{&quot;201341983&quot;:0,&quot;335551550&quot;:1,&quot;335551620&quot;:1,&quot;335559740&quot;:259}\">\u00a0<\/span><\/td>\n<td data-celllook=\"4369\" style=\"width: 100.375px;\"><span data-contrast=\"auto\">03<\/span><span data-ccp-props=\"{&quot;201341983&quot;:0,&quot;335551550&quot;:2,&quot;335551620&quot;:2,&quot;335559740&quot;:259}\">\u00a0<\/span><\/td>\n<td data-celllook=\"4369\" style=\"width: 116.625px;\"><span data-contrast=\"auto\">45<\/span><span data-ccp-props=\"{&quot;201341983&quot;:0,&quot;335551550&quot;:2,&quot;335551620&quot;:2,&quot;335559740&quot;:259}\">\u00a0<\/span><\/td>\n<\/tr>\n<tr aria-rowindex=\"9\">\n<td data-celllook=\"4369\" style=\"width: 557px;\"><span data-contrast=\"auto\">Ambiente,\u00a0Sustentabilidade\u00a0e\u00a0Sa\u00fade<\/span><span data-ccp-props=\"{&quot;201341983&quot;:0,&quot;335551550&quot;:1,&quot;335551620&quot;:1,&quot;335559740&quot;:259}\">\u00a0<\/span><\/td>\n<td data-celllook=\"4369\" style=\"width: 100.375px;\"><span data-contrast=\"auto\">03<\/span><span data-ccp-props=\"{&quot;201341983&quot;:0,&quot;335551550&quot;:2,&quot;335551620&quot;:2,&quot;335559740&quot;:259}\">\u00a0<\/span><\/td>\n<td data-celllook=\"4369\" style=\"width: 116.625px;\"><span data-contrast=\"auto\">45<\/span><span data-ccp-props=\"{&quot;201341983&quot;:0,&quot;335551550&quot;:2,&quot;335551620&quot;:2,&quot;335559740&quot;:259}\">\u00a0<\/span><\/td>\n<\/tr>\n<tr aria-rowindex=\"10\">\n<td data-celllook=\"4369\" style=\"width: 557px;\"><span data-contrast=\"auto\">Cuidado\u00a0em\u00a0Sa\u00fade\u00a0na\u00a0Amaz\u00f4nia:\u00a0sujeitos,\u00a0saberes,\u00a0representa\u00e7\u00f5es\u00a0e\u00a0pr\u00e1ticas<\/span><span data-ccp-props=\"{&quot;201341983&quot;:0,&quot;335551550&quot;:1,&quot;335551620&quot;:1,&quot;335559740&quot;:259}\">\u00a0<\/span><\/td>\n<td data-celllook=\"4369\" style=\"width: 100.375px;\"><span data-contrast=\"auto\">03<\/span><span data-ccp-props=\"{&quot;201341983&quot;:0,&quot;335551550&quot;:2,&quot;335551620&quot;:2,&quot;335559740&quot;:259}\">\u00a0<\/span><\/td>\n<td data-celllook=\"4369\" style=\"width: 116.625px;\"><span data-contrast=\"auto\">45<\/span><span data-ccp-props=\"{&quot;201341983&quot;:0,&quot;335551550&quot;:2,&quot;335551620&quot;:2,&quot;335559740&quot;:259}\">\u00a0<\/span><\/td>\n<\/tr>\n<\/tbody>\n<\/table>\n<p>&nbsp;<\/p>\n<p>[\/et_pb_text][\/et_pb_column][\/et_pb_row][\/et_pb_section]<\/p>\n","protected":false},"excerpt":{"rendered":"<p>A obten\u00e7\u00e3o do t\u00edtulo de mestre \u00e9 condicionada \u00e0 obten\u00e7\u00e3o de cr\u00e9ditos em disciplinas, em atividades acad\u00eamicas nos termos deste regimento e aprova\u00e7\u00e3o de uma disserta\u00e7\u00e3o sobre tema em Sa\u00fade Coletiva, realizada sob orienta\u00e7\u00e3o de um professor doutor credenciado pelo Curso. O discente de mestrado dever\u00e1 completar no m\u00ednimo 18 (dezoito) unidades de cr\u00e9ditos em [&hellip;]<\/p>\n","protected":false},"author":1,"featured_media":0,"parent":0,"menu_order":0,"comment_status":"closed","ping_status":"closed","template":"","meta":{"_et_pb_use_builder":"on","_et_pb_old_content":"","_et_gb_content_width":"","om_disable_all_campaigns":false,"footnotes":""},"class_list":["post-65","page","type-page","status-publish","hentry"],"aioseo_notices":[],"_links":{"self":[{"href":"https:\/\/ppgsc.uea.edu.br\/index.php\/wp-json\/wp\/v2\/pages\/65","targetHints":{"allow":["GET"]}}],"collection":[{"href":"https:\/\/ppgsc.uea.edu.br\/index.php\/wp-json\/wp\/v2\/pages"}],"about":[{"href":"https:\/\/ppgsc.uea.edu.br\/index.php\/wp-json\/wp\/v2\/types\/page"}],"author":[{"embeddable":true,"href":"https:\/\/ppgsc.uea.edu.br\/index.php\/wp-json\/wp\/v2\/users\/1"}],"replies":[{"embeddable":true,"href":"https:\/\/ppgsc.uea.edu.br\/index.php\/wp-json\/wp\/v2\/comments?post=65"}],"version-history":[{"count":4,"href":"https:\/\/ppgsc.uea.edu.br\/index.php\/wp-json\/wp\/v2\/pages\/65\/revisions"}],"predecessor-version":[{"id":274976,"href":"https:\/\/ppgsc.uea.edu.br\/index.php\/wp-json\/wp\/v2\/pages\/65\/revisions\/274976"}],"wp:attachment":[{"href":"https:\/\/ppgsc.uea.edu.br\/index.php\/wp-json\/wp\/v2\/media?parent=65"}],"curies":[{"name":"wp","href":"https:\/\/api.w.org\/{rel}","templated":true}]}}