{"id":102,"date":"2021-11-19T06:41:53","date_gmt":"2021-11-19T09:41:53","guid":{"rendered":"http:\/\/ppgsc.uea.edu.br\/?page_id=102"},"modified":"2024-05-19T02:26:59","modified_gmt":"2024-05-19T05:26:59","slug":"dissertacoes","status":"publish","type":"page","link":"https:\/\/ppgsc.uea.edu.br\/index.php\/dissertacoes\/","title":{"rendered":"Disserta\u00e7\u00f5es"},"content":{"rendered":"<p>[et_pb_section fb_built=&#8221;1&#8243; _builder_version=&#8221;4.16&#8243; custom_padding=&#8221;0px||0px|||&#8221; da_disable_devices=&#8221;off|off|off&#8221; global_colors_info=&#8221;{}&#8221; da_is_popup=&#8221;off&#8221; da_exit_intent=&#8221;off&#8221; da_has_close=&#8221;on&#8221; da_alt_close=&#8221;off&#8221; da_dark_close=&#8221;off&#8221; da_not_modal=&#8221;on&#8221; da_is_singular=&#8221;off&#8221; da_with_loader=&#8221;off&#8221; da_has_shadow=&#8221;on&#8221;][et_pb_row _builder_version=&#8221;4.16&#8243; width=&#8221;100%&#8221; max_width=&#8221;100%&#8221; custom_padding=&#8221;0px||3px|||&#8221; global_colors_info=&#8221;{}&#8221;][et_pb_column type=&#8221;4_4&#8243; _builder_version=&#8221;4.16&#8243; global_colors_info=&#8221;{}&#8221;][et_pb_slider _builder_version=&#8221;4.16&#8243; custom_padding=&#8221;6%||||false|false&#8221; global_colors_info=&#8221;{}&#8221;][et_pb_slide heading=&#8221;@ET-DC@eyJkeW5hbWljIjp0cnVlLCJjb250ZW50IjoicG9zdF90aXRsZSIsInNldHRpbmdzIjp7ImJlZm9yZSI6IiIsImFmdGVyIjoiIn19@&#8221; _builder_version=&#8221;4.16&#8243; _dynamic_attributes=&#8221;heading&#8221; header_font=&#8221;|700|||||||&#8221; header_font_size=&#8221;45px&#8221; background_color=&#8221;#d58c3d&#8221; background_enable_color=&#8221;on&#8221; background_image=&#8221;http:\/\/ppgsc.uea.edu.br\/wp-content\/uploads\/2021\/11\/Fundo-titulos@2x.png&#8221; background_enable_image=&#8221;on&#8221; background_position=&#8221;bottom_center&#8221; header_font_size_tablet=&#8221;40px&#8221; header_font_size_phone=&#8221;&#8221; header_font_size_last_edited=&#8221;on|desktop&#8221; global_colors_info=&#8221;{}&#8221; sticky_transition=&#8221;on&#8221;][\/et_pb_slide][\/et_pb_slider][\/et_pb_column][\/et_pb_row][\/et_pb_section][et_pb_section fb_built=&#8221;1&#8243; admin_label=&#8221;Service Section&#8221; _builder_version=&#8221;4.16&#8243; custom_margin=&#8221;|||&#8221; custom_padding=&#8221;35px||110px|||&#8221; da_disable_devices=&#8221;off|off|off&#8221; global_colors_info=&#8221;{}&#8221; da_is_popup=&#8221;off&#8221; da_exit_intent=&#8221;off&#8221; da_has_close=&#8221;on&#8221; da_alt_close=&#8221;off&#8221; da_dark_close=&#8221;off&#8221; da_not_modal=&#8221;on&#8221; da_is_singular=&#8221;off&#8221; da_with_loader=&#8221;off&#8221; da_has_shadow=&#8221;on&#8221;][et_pb_row _builder_version=&#8221;4.16&#8243; _module_preset=&#8221;default&#8221; locked=&#8221;off&#8221; global_colors_info=&#8221;{}&#8221;][et_pb_column type=&#8221;4_4&#8243; _builder_version=&#8221;4.16&#8243; _module_preset=&#8221;default&#8221; global_colors_info=&#8221;{}&#8221;][et_pb_text _builder_version=&#8221;4.24.3&#8243; _module_preset=&#8221;default&#8221; global_colors_info=&#8221;{}&#8221;]<\/p>\n<blockquote>\n<h4><strong>Programa de P\u00f3s-Gradua\u00e7\u00e3o em Sa\u00fade Coletiva<\/strong><\/h4>\n<\/blockquote>\n<p>[\/et_pb_text][et_pb_blurb title=&#8221;Ara\u00fajo, Juliana Pereira de&#8221; url=&#8221;http:\/\/repositorioinstitucional.uea.edu.br\/handle\/riuea\/4612&#8243; url_new_window=&#8221;on&#8221; use_icon=&#8221;on&#8221; font_icon=&#8221;&#x69;||divi||400&#8243; icon_placement=&#8221;left&#8221; content_max_width=&#8221;1100px&#8221; _builder_version=&#8221;4.24.3&#8243; _module_preset=&#8221;default&#8221; body_link_text_color=&#8221;#077c13&#8243; min_height=&#8221;114.4px&#8221; custom_padding=&#8221;0px|||||&#8221; global_colors_info=&#8221;{}&#8221; admin_label=&#8221;1&#8243;]<\/p>\n<p><a href=\"http:\/\/repositorioinstitucional.uea.edu.br\/handle\/riuea\/4612\">A<\/a><a href=\"http:\/\/repositorioinstitucional.uea.edu.br\/handle\/riuea\/4612\" target=\"_blank\" rel=\"noopener\"> floresta como cura : mulheres, conhecimentos tradicionais e a promo\u00e7\u00e3o da sa\u00fade em comunidades da floresta nacional de Tef\u00e9<\/a><\/p>\n<p><strong><a href=\"http:\/\/repositorioinstitucional.uea.edu.br\/handle\/riuea\/4612\" target=\"_blank\" rel=\"noopener\">BAIXAR<\/a><\/strong><\/p>\n<p>[\/et_pb_blurb][et_pb_blurb title=&#8221;Almeida, Diana Andreza Rebou\u00e7as&#8221; url=&#8221;http:\/\/repositorioinstitucional.uea.edu.br\/handle\/riuea\/4613&#8243; url_new_window=&#8221;on&#8221; use_icon=&#8221;on&#8221; font_icon=&#8221;&#x69;||divi||400&#8243; icon_placement=&#8221;left&#8221; content_max_width=&#8221;1100px&#8221; _builder_version=&#8221;4.24.3&#8243; _module_preset=&#8221;default&#8221; body_link_text_color=&#8221;#077c13&#8243; min_height=&#8221;114.4px&#8221; custom_padding=&#8221;0px|||||&#8221; global_colors_info=&#8221;{}&#8221; admin_label=&#8221;2&#8243;]<\/p>\n<p><a href=\"http:\/\/repositorioinstitucional.uea.edu.br\/handle\/riuea\/4613\" target=\"_blank\" rel=\"noopener\">Cuidados em sa\u00fade no contexto da Pandemia de Covid-19 :estrat\u00e9gias e desafios a partir das narrativas das trabalhadoras e dos trabalhadores da Aten\u00e7\u00e3o B\u00e1sica \u00e0 Sa\u00fade em um munic\u00edpio do interior do Amazonas<\/a><\/p>\n<p><strong><a href=\"http:\/\/repositorioinstitucional.uea.edu.br\/handle\/riuea\/4613\" target=\"_blank\" rel=\"noopener\">BAIXAR<\/a><\/strong><\/p>\n<p>[\/et_pb_blurb][et_pb_blurb title=&#8221;Lopes, Lara Suellen Bezerra&#8221; url=&#8221;http:\/\/repositorioinstitucional.uea.edu.br\/handle\/riuea\/5570&#8243; url_new_window=&#8221;on&#8221; use_icon=&#8221;on&#8221; font_icon=&#8221;&#x69;||divi||400&#8243; icon_placement=&#8221;left&#8221; content_max_width=&#8221;1100px&#8221; _builder_version=&#8221;4.24.3&#8243; _module_preset=&#8221;default&#8221; body_link_text_color=&#8221;#077c13&#8243; min_height=&#8221;114.4px&#8221; custom_padding=&#8221;0px|||||&#8221; global_colors_info=&#8221;{}&#8221; admin_label=&#8221;3&#8243;]<\/p>\n<p><a href=\"http:\/\/repositorioinstitucional.uea.edu.br\/handle\/riuea\/4677\" target=\"_blank\" rel=\"noopener\">Pandemia de Covid-19 e SUS: dimens\u00f5es das pol\u00edticas p\u00fablicas em sa\u00fade no Amazonas<\/a><\/p>\n<p><strong><a href=\"http:\/\/repositorioinstitucional.uea.edu.br\/handle\/riuea\/4677\" target=\"_blank\" rel=\"noopener\">BAIXAR<\/a><\/strong><\/p>\n<p>[\/et_pb_blurb][et_pb_blurb title=&#8221;Duarte, Vanderlane de Souza&#8221; url=&#8221;http:\/\/repositorioinstitucional.uea.edu.br\/handle\/riuea\/5266&#8243; url_new_window=&#8221;on&#8221; use_icon=&#8221;on&#8221; font_icon=&#8221;&#x69;||divi||400&#8243; icon_placement=&#8221;left&#8221; content_max_width=&#8221;1100px&#8221; _builder_version=&#8221;4.24.3&#8243; _module_preset=&#8221;default&#8221; body_link_text_color=&#8221;#077c13&#8243; min_height=&#8221;114.4px&#8221; custom_padding=&#8221;0px|||||&#8221; global_colors_info=&#8221;{}&#8221; admin_label=&#8221;4&#8243;]<\/p>\n<p><a href=\"http:\/\/repositorioinstitucional.uea.edu.br\/handle\/riuea\/5266\" target=\"_blank\" rel=\"noopener\">As equipes de sa\u00fade da fam\u00edlia e o processo de trabalho no cuidado aos pacientes com hipertens\u00e3o arterial sist\u00eamica e Diabetes Mellitus nos distritos de sa\u00fade Leste e Sul de Manaus-AM, no per\u00edodo da pandemia de COVID-19 Manaus<\/a><\/p>\n<p><strong><a href=\"http:\/\/repositorioinstitucional.uea.edu.br\/handle\/riuea\/5266\" target=\"_blank\" rel=\"noopener\">BAIXAR<\/a><\/strong><\/p>\n<p>[\/et_pb_blurb][et_pb_blurb title=&#8221;Corr\u00eaa, Rachel Geber&#8221; url=&#8221;http:\/\/repositorioinstitucional.uea.edu.br\/handle\/riuea\/5348&#8243; url_new_window=&#8221;on&#8221; use_icon=&#8221;on&#8221; font_icon=&#8221;&#x69;||divi||400&#8243; icon_placement=&#8221;left&#8221; content_max_width=&#8221;1100px&#8221; _builder_version=&#8221;4.24.3&#8243; _module_preset=&#8221;default&#8221; body_link_text_color=&#8221;#077c13&#8243; min_height=&#8221;114.4px&#8221; custom_padding=&#8221;0px|||||&#8221; global_colors_info=&#8221;{}&#8221; admin_label=&#8221;5&#8243;]<\/p>\n<p><a href=\"http:\/\/repositorioinstitucional.uea.edu.br\/handle\/riuea\/5348\" target=\"_blank\" rel=\"noopener\">Etnografia documental sobre as mortes maternas no estado do Amazonas: a precariedade e a desimport\u00e2ncia da vida<\/a><\/p>\n<p><strong><a href=\"http:\/\/repositorioinstitucional.uea.edu.br\/handle\/riuea\/5348\" target=\"_blank\" rel=\"noopener\">BAIXAR<\/a><\/strong><\/p>\n<p>[\/et_pb_blurb][et_pb_blurb title=&#8221;Souza, Rayssa da Concei\u00e7\u00e3o Brito de&#8221; url=&#8221;http:\/\/repositorioinstitucional.uea.edu.br\/handle\/riuea\/5370&#8243; url_new_window=&#8221;on&#8221; use_icon=&#8221;on&#8221; font_icon=&#8221;&#x69;||divi||400&#8243; icon_placement=&#8221;left&#8221; content_max_width=&#8221;1100px&#8221; _builder_version=&#8221;4.24.3&#8243; _module_preset=&#8221;default&#8221; body_link_text_color=&#8221;#077c13&#8243; min_height=&#8221;114.4px&#8221; custom_padding=&#8221;0px|||||&#8221; global_colors_info=&#8221;{}&#8221; admin_label=&#8221;6&#8243;]<\/p>\n<p><a href=\"http:\/\/repositorioinstitucional.uea.edu.br\/handle\/riuea\/5370\" target=\"_blank\" rel=\"noopener\">Gest\u00e3o socioambiental e educa\u00e7\u00e3o em sa\u00fade na RDS rio negro : condi\u00e7\u00f5es de vida e sa\u00fade em \u00e1reas de Unidade de Conserva\u00e7\u00e3o<\/a><\/p>\n<p><strong><a href=\"http:\/\/repositorioinstitucional.uea.edu.br\/handle\/riuea\/5370\" target=\"_blank\" rel=\"noopener\">BAIXAR<\/a><\/strong><\/p>\n<p>[\/et_pb_blurb][et_pb_blurb title=&#8221;Ara\u00fajo, Renato da Cunha&#8221; url=&#8221;http:\/\/repositorioinstitucional.uea.edu.br\/handle\/riuea\/5516&#8243; url_new_window=&#8221;on&#8221; use_icon=&#8221;on&#8221; font_icon=&#8221;&#x69;||divi||400&#8243; icon_placement=&#8221;left&#8221; content_max_width=&#8221;1100px&#8221; _builder_version=&#8221;4.24.3&#8243; _module_preset=&#8221;default&#8221; body_link_text_color=&#8221;#077c13&#8243; custom_padding=&#8221;0px|||||&#8221; global_colors_info=&#8221;{}&#8221; admin_label=&#8221;7&#8243;]<\/p>\n<p><a href=\"http:\/\/repositorioinstitucional.uea.edu.br\/handle\/riuea\/5516\" target=\"_blank\" rel=\"noopener\">Uso dos servi\u00e7os da aten\u00e7\u00e3o prim\u00e1ria \u00e0 sa\u00fade por indiv\u00edduos adultos em \u00e1reas rurais e urbanas do Brasil: uma an\u00e1lise dos dados da Pesquisa Nacional de Sa\u00fade<\/a><a href=\"http:\/\/repositorioinstitucional.uea.edu.br\/handle\/riuea\/5516\"> 2019<\/a><\/p>\n<p><strong><a href=\"http:\/\/repositorioinstitucional.uea.edu.br\/handle\/riuea\/5516\" target=\"_blank\" rel=\"noopener\">BAIXAR<\/a><\/strong><\/p>\n<p>[\/et_pb_blurb][et_pb_blurb title=&#8221;Ramos, Rayza de Sousa&#8221; url=&#8221;http:\/\/repositorioinstitucional.uea.edu.br\/handle\/riuea\/5519&#8243; url_new_window=&#8221;on&#8221; use_icon=&#8221;on&#8221; font_icon=&#8221;&#x69;||divi||400&#8243; icon_placement=&#8221;left&#8221; content_max_width=&#8221;1100px&#8221; _builder_version=&#8221;4.24.3&#8243; _module_preset=&#8221;default&#8221; body_link_text_color=&#8221;#077c13&#8243; custom_padding=&#8221;0px|||||&#8221; global_colors_info=&#8221;{}&#8221; admin_label=&#8221;8&#8243;]<\/p>\n<p><a href=\"http:\/\/repositorioinstitucional.uea.edu.br\/handle\/riuea\/5519\">Viol\u00eancia<\/a><a href=\"http:\/\/repositorioinstitucional.uea.edu.br\/handle\/riuea\/5519\" target=\"_blank\" rel=\"noopener\"> por parceiro \u00edntimo contra mulher: ado\u00e7\u00e3o de condutas favor\u00e1veis a detec\u00e7\u00e3o de viol\u00eancia pelo profissional no espa\u00e7o do exame preventivo<\/a><\/p>\n<p><strong><a href=\"http:\/\/repositorioinstitucional.uea.edu.br\/handle\/riuea\/5519\" target=\"_blank\" rel=\"noopener\">BAIXAR<\/a><\/strong><\/p>\n<p>[\/et_pb_blurb][et_pb_blurb title=&#8221;Tamborini, S\u00e9rgio Ant\u00f4nio Saldanha Rodrigues&#8221; url=&#8221;http:\/\/repositorioinstitucional.uea.edu.br\/handle\/riuea\/5529&#8243; url_new_window=&#8221;on&#8221; use_icon=&#8221;on&#8221; font_icon=&#8221;&#x69;||divi||400&#8243; icon_placement=&#8221;left&#8221; content_max_width=&#8221;1100px&#8221; _builder_version=&#8221;4.24.3&#8243; _module_preset=&#8221;default&#8221; body_link_text_color=&#8221;#077c13&#8243; custom_padding=&#8221;0px|||||&#8221; global_colors_info=&#8221;{}&#8221; admin_label=&#8221;9&#8243;]<\/p>\n<p><a href=\"http:\/\/repositorioinstitucional.uea.edu.br\/handle\/riuea\/5529\">Circuitos<\/a><a href=\"http:\/\/repositorioinstitucional.uea.edu.br\/handle\/riuea\/5529\" target=\"_blank\" rel=\"noopener\"> est\u00e9ticos de pessoas trans no Ambulat\u00f3rio de Diversidade Sexual e G\u00eanero de Manaus\/AM<\/a><\/p>\n<p><strong><a href=\"http:\/\/repositorioinstitucional.uea.edu.br\/handle\/riuea\/5529\" target=\"_blank\" rel=\"noopener\">BAIXAR<\/a><\/strong><\/p>\n<p>[\/et_pb_blurb][et_pb_blurb title=&#8221;Ferezin, Suellen Moura Rocha&#8221; url=&#8221;http:\/\/repositorioinstitucional.uea.edu.br\/handle\/riuea\/5535&#8243; url_new_window=&#8221;on&#8221; use_icon=&#8221;on&#8221; font_icon=&#8221;&#x69;||divi||400&#8243; icon_placement=&#8221;left&#8221; content_max_width=&#8221;1100px&#8221; _builder_version=&#8221;4.24.3&#8243; _module_preset=&#8221;default&#8221; body_link_text_color=&#8221;#077c13&#8243; custom_padding=&#8221;0px|||||&#8221; global_colors_info=&#8221;{}&#8221; admin_label=&#8221;10&#8243;]<\/p>\n<p><a href=\"http:\/\/repositorioinstitucional.uea.edu.br\/handle\/riuea\/5535\" target=\"_blank\" rel=\"noopener\">Letalidade por S\u00edndrome Respirat\u00f3ria Aguda Grave por COVID 19 em ind\u00edgenas hospitalizados no estado do Amazonas, 2020 &#8211; 2021<\/a><\/p>\n<p><strong><a href=\"http:\/\/repositorioinstitucional.uea.edu.br\/handle\/riuea\/5535\" target=\"_blank\" rel=\"noopener\">BAIXAR<\/a><\/strong><\/p>\n<p>[\/et_pb_blurb][et_pb_blurb title=&#8221;L\u00f4bo, Lorena Cavalcante&#8221; url=&#8221;http:\/\/repositorioinstitucional.uea.edu.br\/handle\/riuea\/5569&#8243; url_new_window=&#8221;on&#8221; use_icon=&#8221;on&#8221; font_icon=&#8221;&#x69;||divi||400&#8243; icon_placement=&#8221;left&#8221; content_max_width=&#8221;1100px&#8221; _builder_version=&#8221;4.24.3&#8243; _module_preset=&#8221;default&#8221; body_link_text_color=&#8221;#077c13&#8243; global_colors_info=&#8221;{}&#8221; admin_label=&#8221;11&#8243;]<\/p>\n<p><a href=\"http:\/\/repositorioinstitucional.uea.edu.br\/handle\/riuea\/5569\">Enfrentamento<\/a><a href=\"http:\/\/repositorioinstitucional.uea.edu.br\/handle\/riuea\/5569\" target=\"_blank\" rel=\"noopener\"> da COVID-19 na fronteira: estudo de caso em cidade de tr\u00edplice fronteira do Arco Norte do Brasil<\/a><\/p>\n<p><strong><a href=\"http:\/\/repositorioinstitucional.uea.edu.br\/handle\/riuea\/5569\" target=\"_blank\" rel=\"noopener\">BAIXAR<\/a><\/strong><\/p>\n<p>[\/et_pb_blurb][et_pb_blurb title=&#8221;Naiff, Priscilla Farias&#8221; url=&#8221;https:\/\/pos.uea.edu.br\/data\/area\/dissertacao\/download\/59-10.pdf&#8221; url_new_window=&#8221;on&#8221; use_icon=&#8221;on&#8221; font_icon=&#8221;&#x69;||divi||400&#8243; icon_placement=&#8221;left&#8221; content_max_width=&#8221;1100px&#8221; _builder_version=&#8221;4.24.3&#8243; _module_preset=&#8221;default&#8221; body_link_text_color=&#8221;#077c13&#8243; global_colors_info=&#8221;{}&#8221; admin_label=&#8221;12&#8243;]<\/p>\n<p><a href=\"http:\/\/repositorioinstitucional.uea.edu.br\/handle\/riuea\/5570\" target=\"_blank\" rel=\"noopener\">As implica\u00e7\u00f5es da pandemia da COVID-19 nos servi\u00e7os odontol\u00f3gicos, na vida e pr\u00e1tica profissional dos cirurgi\u00f5es-dentistas da rede p\u00fablica municipal de Manaus &#8211; Amazonas<\/a><\/p>\n<p><strong><a href=\"https:\/\/pos.uea.edu.br\/data\/area\/dissertacao\/download\/59-10.pdf\" target=\"_blank\" rel=\"noopener\">BAIXAR<\/a><\/strong><\/p>\n<p>[\/et_pb_blurb][\/et_pb_column][\/et_pb_row][et_pb_row disabled_on=&#8221;on|on|on&#8221; _builder_version=&#8221;4.16&#8243; disabled=&#8221;on&#8221; global_colors_info=&#8221;{}&#8221;][et_pb_column type=&#8221;4_4&#8243; _builder_version=&#8221;4.16&#8243; global_colors_info=&#8221;{}&#8221;][et_pb_toggle title=&#8221;2022&#8243; _builder_version=&#8221;4.16&#8243; title_text_color=&#8221;#000000&#8243; title_font=&#8221;|600|||||||&#8221; border_radii=&#8221;on|7px|7px|7px|7px&#8221; global_colors_info=&#8221;{}&#8221;]<\/p>\n<table id=\"tablepress-19\" class=\"tablepress tablepress-id-19 dataTable no-footer\" style=\"border-color: #cccccc;\" role=\"grid\" border=\"1\">\n<thead>\n<tr class=\"row-1 odd\" role=\"row\">\n<th class=\"column-1 sorting_disabled\" colspan=\"1\" rowspan=\"1\">EGRESSO<\/th>\n<th class=\"column-2 sorting_disabled\" colspan=\"1\" rowspan=\"1\">ORIENTADOR(A)<\/th>\n<th class=\"column-3 sorting_disabled\" colspan=\"1\" rowspan=\"1\">TITULO<\/th>\n<th class=\"column-4 sorting_disabled\" colspan=\"1\" rowspan=\"1\">LINK<\/th>\n<\/tr>\n<\/thead>\n<tbody class=\"row-hover\">\n<tr class=\"row-2 even\">\n<td class=\"column-1\">\u00a0<\/td>\n<td class=\"column-2\">\u00a0<\/td>\n<td class=\"column-3\">\u00a0<\/td>\n<td class=\"column-4\">\u00a0<\/td>\n<\/tr>\n<tr class=\"row-2 even\">\n<td class=\"column-1\">\u00a0<\/td>\n<td class=\"column-2\">\u00a0<\/td>\n<td class=\"column-3\">\u00a0<\/td>\n<td class=\"column-4\">\u00a0<\/td>\n<\/tr>\n<\/tbody>\n<\/table>\n<p>[\/et_pb_toggle][et_pb_toggle title=&#8221;2021&#8243; _builder_version=&#8221;4.16&#8243; title_text_color=&#8221;#000000&#8243; title_font=&#8221;|600|||||||&#8221; border_radii=&#8221;on|7px|7px|7px|7px&#8221; global_colors_info=&#8221;{}&#8221;]<\/p>\n<table id=\"tablepress-19\" class=\"tablepress tablepress-id-19 dataTable no-footer\" style=\"border-color: #cccccc;\" role=\"grid\" border=\"1\">\n<thead>\n<tr class=\"row-1 odd\" role=\"row\">\n<th class=\"column-1 sorting_disabled\" colspan=\"1\" rowspan=\"1\">EGRESSO<\/th>\n<th class=\"column-2 sorting_disabled\" colspan=\"1\" rowspan=\"1\">ORIENTADOR(A)<\/th>\n<th class=\"column-3 sorting_disabled\" colspan=\"1\" rowspan=\"1\">TITULO<\/th>\n<th class=\"column-4 sorting_disabled\" colspan=\"1\" rowspan=\"1\">LINK<\/th>\n<\/tr>\n<\/thead>\n<tbody class=\"row-hover\">\n<tr class=\"row-2 even\">\n<td class=\"column-1\">\u00a0<\/td>\n<td class=\"column-2\">\u00a0<\/td>\n<td class=\"column-3\">\u00a0<\/td>\n<td class=\"column-4\">\u00a0<\/td>\n<\/tr>\n<tr class=\"row-2 even\">\n<td class=\"column-1\">\u00a0<\/td>\n<td class=\"column-2\">\u00a0<\/td>\n<td class=\"column-3\">\u00a0<\/td>\n<td class=\"column-4\">\u00a0<\/td>\n<\/tr>\n<\/tbody>\n<\/table>\n<p>[\/et_pb_toggle][\/et_pb_column][\/et_pb_row][et_pb_row _builder_version=&#8221;4.16&#8243; global_colors_info=&#8221;{}&#8221;][et_pb_column type=&#8221;4_4&#8243; _builder_version=&#8221;4.16&#8243; global_colors_info=&#8221;{}&#8221;][et_pb_divider show_divider=&#8221;off&#8221; _builder_version=&#8221;4.16&#8243; min_height=&#8221;210px&#8221; global_colors_info=&#8221;{}&#8221;][\/et_pb_divider][\/et_pb_column][\/et_pb_row][\/et_pb_section]<\/p>\n","protected":false},"excerpt":{"rendered":"<p>Programa de P\u00f3s-Gradua\u00e7\u00e3o em Sa\u00fade Coletiva A floresta como cura : mulheres, conhecimentos tradicionais e a promo\u00e7\u00e3o da sa\u00fade em comunidades da floresta nacional de Tef\u00e9 BAIXARCuidados em sa\u00fade no contexto da Pandemia de Covid-19 :estrat\u00e9gias e desafios a partir das narrativas das trabalhadoras e dos trabalhadores da Aten\u00e7\u00e3o B\u00e1sica \u00e0 Sa\u00fade em um munic\u00edpio [&hellip;]<\/p>\n","protected":false},"author":1,"featured_media":0,"parent":0,"menu_order":0,"comment_status":"closed","ping_status":"closed","template":"","meta":{"_et_pb_use_builder":"on","_et_pb_old_content":"","_et_gb_content_width":"","om_disable_all_campaigns":false,"footnotes":""},"class_list":["post-102","page","type-page","status-publish","hentry"],"aioseo_notices":[],"_links":{"self":[{"href":"https:\/\/ppgsc.uea.edu.br\/index.php\/wp-json\/wp\/v2\/pages\/102","targetHints":{"allow":["GET"]}}],"collection":[{"href":"https:\/\/ppgsc.uea.edu.br\/index.php\/wp-json\/wp\/v2\/pages"}],"about":[{"href":"https:\/\/ppgsc.uea.edu.br\/index.php\/wp-json\/wp\/v2\/types\/page"}],"author":[{"embeddable":true,"href":"https:\/\/ppgsc.uea.edu.br\/index.php\/wp-json\/wp\/v2\/users\/1"}],"replies":[{"embeddable":true,"href":"https:\/\/ppgsc.uea.edu.br\/index.php\/wp-json\/wp\/v2\/comments?post=102"}],"version-history":[{"count":13,"href":"https:\/\/ppgsc.uea.edu.br\/index.php\/wp-json\/wp\/v2\/pages\/102\/revisions"}],"predecessor-version":[{"id":277894,"href":"https:\/\/ppgsc.uea.edu.br\/index.php\/wp-json\/wp\/v2\/pages\/102\/revisions\/277894"}],"wp:attachment":[{"href":"https:\/\/ppgsc.uea.edu.br\/index.php\/wp-json\/wp\/v2\/media?parent=102"}],"curies":[{"name":"wp","href":"https:\/\/api.w.org\/{rel}","templated":true}]}}